ime factors of 31979827?
11, 2907257
List the prime factors of 458780871.
3, 37, 953, 4337
What are the prime factors of 64631700?
2, 3, 5, 7, 10259
List the prime factors of 2308967812.
2, 17, 1063, 1879
What are the prime factors of 131995918?
2, 65997959
What are the prime factors of 77555035?
5, 173, 89659
List the prime factors of 119682668.
2, 7, 4274381
What are the prime factors of 7282593581?
19, 607, 631457
What are the prime factors of 79325188?
2, 37, 607, 883
What are the prime factors of 3269684915?
5, 7, 93419569
What are the prime factors of 377051173?
103, 601, 6091
List the prime factors of 3060188154.
2, 3, 1223, 46337
List the prime factors of 549761638.
2, 487, 564437
List the prime factors of 1075278685.
5, 13, 19, 73, 11927
What are the prime factors of 504610691?
13, 38816207
What are the prime factors of 2595503441?
17, 113, 1351121
List the prime factors of 7758311.
11, 163, 4327
List the prime factors of 538133055.
3, 5, 971, 36947
What are the prime factors of 176653468?
2, 2801, 15767
List the prime factors of 2646977290.
2, 5, 264697729
What are the prime factors of 961263356?
2, 167, 1439017
What are the prime factors of 5965315?
5, 389, 3067
List the prime factors of 696047778.
2, 3, 38669321
What are the prime factors of 15037296?
2, 3, 523, 599
List the prime factors of 6790937910.
2, 3, 5, 23, 9841939
List the prime factors of 2357885544.
2, 3, 7, 31, 89, 5087
List the prime factors of 45217193.
7, 739, 8741
List the prime factors of 1397032195.
5, 13, 149, 144247
List the prime factors of 454394525.
5, 13, 8273
What are the prime factors of 1861800764?
2, 17, 61, 448843
What are the prime factors of 2282240313?
3, 84527419
List the prime factors of 314564219.
1061, 296479
What are the prime factors of 319675591?
319675591
What are the prime factors of 159939487?
7043, 22709
What are the prime factors of 94735857?
3, 53, 449, 1327
What are the prime factors of 8662459748?
2, 67, 3907, 8273
List the prime factors of 70009431.
3, 353, 66109
List the prime factors of 584604926.
2, 292302463
List the prime factors of 76789667.
61, 1258847
List the prime factors of 971531912.
2, 13, 17, 549509
List the prime factors of 8825089.
7, 13, 96979
What are the prime factors of 2211279483?
3, 7, 105299023
List the prime factors of 763341703.
2203, 346501
What are the prime factors of 175274505?
3, 5, 7, 17, 71, 461
What are the prime factors of 1546196?
2, 386549
What are the prime factors of 129076910?
2, 5, 443, 29137
List the prime factors of 61490801.
199, 308999
What are the prime factors of 227296347?
3, 71, 353, 3023
List the prime factors of 29862314.
2, 14931157
What are the prime factors of 568939460?
2, 5, 28446973
What are the prime factors of 1701768180?
2, 3, 5, 7, 4051829
List the prime factors of 112243909.
112243909
What are the prime factors of 1268077136?
2, 79254821
List the prime factors of 875333166.
2, 3, 5813, 25097
List the prime factors of 1229410841.
1229410841
List the prime factors of 58894948.
2, 7, 47, 44753
What are the prime factors of 3638269402?
2, 1819134701
List the prime factors of 97034929.
17, 31, 10831
List the prime factors of 139451536.
2, 7, 1245103
List the prime factors of 14693089.
14693089
What are the prime factors of 1463006262?
2, 3, 71, 3434287
List the prime factors of 79302041.
7, 13, 124493
List the prime factors of 80605471.
29, 1093, 2543
What are the prime factors of 385156912?
2, 7, 3438901
List the prime factors of 56673715.
5, 7, 1619249
List the prime factors of 38531242.
2, 167, 115363
List the prime factors of 559327062.
2, 3, 7, 1019, 1867
What are the prime factors of 3418111325?
5, 859, 159167
List the prime factors of 617832102.
2, 3, 102972017
What are the prime factors of 63436092?
2, 3, 59, 89599
List the prime factors of 99763965.
3, 5, 7, 19, 79, 211
What are the prime factors of 113669814?
2, 3, 1093, 17333
What are the prime factors of 22404449?
683, 32803
What are the prime factors of 3452884089?
3, 1150961363
What are the prime factors of 146064859?
127, 1150117
What are the prime factors of 71021912?
2, 13, 131, 401
What are the prime factors of 290256475?
5, 11610259
What are the prime factors of 202235429?
11, 18385039
What are the prime factors of 115082041?
23, 887, 5641
What are the prime factors of 450070475?
5, 3391, 5309
What are the prime factors of 8607340049?
7, 11, 15969091
What are the prime factors of 170950606?
2, 17, 5027959
List the prime factors of 317066349.
3, 61, 859, 2017
What are the prime factors of 80561333?
29, 2777977
List the prime factors of 3114762830.
2, 5, 53, 5876911
List the prime factors of 787622082.
2, 3, 13, 53, 190523
What are the prime factors of 3175365699?
3, 11, 10691467
List the prime factors of 1011849654.
2, 3, 9137, 18457
What are the prime factors of 47101736?
2, 11, 53, 10099
List the prime factors of 875063.
7, 41, 3049
List the prime factors of 67007594.
2, 367, 91291
What are the prime factors of 35242337?
13, 29, 93481
What are the prime factors of 15513662?
2, 41, 277, 683
What are the prime factors of 6595928759?
7, 241, 11399
What are the prime factors of 222886661?
6911, 32251
What are the prime factors of 47940327?
3, 61, 87323
What are the prime factors of 401244295?
5, 80248859
What are the prime factors of 76941570?
2, 3, 5, 2564719
List the prime factors of 197373389.
197373389
List the prime factors of 8396784013.
47, 937, 190667
What are the prime factors of 4065281090?
2, 5, 13, 3769, 8297
List the prime factors of 994021354.
2, 37, 419, 32059
List the prime factors of 20240055.
3, 5, 11, 31, 1319
What are the prime factors of 865939051?
137, 6320723
What are the prime factors of 108171527?
17, 103, 163, 379
What are the prime factors of 1881826823?
19, 99043517
List the prime factors of 220493461.
19, 11604919
List the prime factors of 44138742.
2, 3, 7356457
What are the prime factors of 1997616141?
3, 73985783
What are the prime factors of 4567235291?
73, 62564867
What are the prime factors of 261230357?
261230357
List the prime factors of 1376505195.
3, 5, 13, 281, 25121
List the prime factors of 504620954.
2, 252310477
What are the prime factors of 315132820?
2, 5, 2113, 7457
What are the prime factors of 29149390?
2, 5, 17, 171467
List the prime factors of 50211239.
13, 3862403
List the prime factors of 1382561539.
1382561539
List the prime factors of 238740558.
2, 3, 7, 43, 163, 811
What are the prime factors of 52422259?
3581, 14639
What are the prime factors of 493012926?
2, 3, 7, 1304267
List the prime factors of 24286321.
23, 317, 3331
List the prime factors of 777555335.
5, 19, 8184793
What are the prime factors of 74414291?
7, 31, 48989
List the prime factors of 1836243999.
3, 19, 41, 29101
What are the prime factors of 68482291?
97, 706003
What are the prime factors of 53067773?
11, 229, 21067
List the prime factors of 63138796.
2, 7, 211, 10687
List the prime factors of 28871449.
193, 227, 659
List the prime factors of 147239294.
2, 73619647
List the prime factors of 409938270.
2, 3, 5, 7, 1952087
What are the prime factors of 830387?
830387
What are the prime factors of 3893356?
2, 71, 13709
List the prime factors of 268653203.
7, 13, 853, 3461
What are the prime factors of 37292879?
13, 229, 12527
List the prime factors of 4439200829.
7, 89, 97, 73459
What are the prime factors of 1539448476?
2, 3, 19, 83, 81349
What are the prime factors of 121979090?
2, 5, 12197909
What are the prime factors of 149477202?
2, 3, 7, 43, 47, 587
List the prime factors of 163224615.
3, 5, 29, 103, 3643
List the prime factors of 11888817.
3, 3962939
List the prime factors of 123016540.
2, 5, 809, 7603
List the prime factors of 15956425.
5, 787, 811
List the prime factors of 2082023548.
2, 11, 107, 4133
List the prime factors of 946787329.
541, 1750069
List the prime factors of 19665674.
2, 7, 587, 2393
What are the prime factors of 670975287?
3, 97, 419, 5503
List the prime factors of 859294693.
859294693
What are the prime factors of 2905744568?
2, 281, 1292591
What are the prime factors of 507736993?
347, 1463219
List the prime factors of 62843254.
2, 17, 1848331
What are the prime factors of 645809082?
2, 3, 8293, 12979
What are the prime factors of 258120793?
7, 29, 1271531
W